
{"id":1212,"date":"2019-09-12T18:46:25","date_gmt":"2019-09-12T21:46:25","guid":{"rendered":"http:\/\/www.laparoscopiaimc.com.ar\/?post_type=product&#038;p=1212"},"modified":"2025-09-28T20:03:36","modified_gmt":"2025-09-28T23:03:36","slug":"endocamara-imc-c800-05-hd","status":"publish","type":"product","link":"https:\/\/www.laparoscopiaimc.com.ar\/index.php\/producto\/endocamara-imc-c800-05-hd\/","title":{"rendered":"Endoc\u00e1mara Single HD modelo C800-05"},"content":{"rendered":"<p>ENDOC\u00c1MARA HD C800-05<br \/>\nSistema de Visi\u00f3n para Laparoscop\u00eda y Endoscop\u00eda.<\/p>\n<p>La Endoc\u00e1mara HD IMC C800-05 ha sido dise\u00f1ada para ofrecer im\u00e1genes n\u00edtidas y precisas en procedimientos laparosc\u00f3picos y endosc\u00f3picos generales. Su procesador de alto rendimiento brinda una definici\u00f3n superior en HD, optimizando la visualizaci\u00f3n de matices y colores esenciales para cada especialidad quir\u00fargica.<\/p>\n<p>Caracter\u00edsticas principales:<br \/>\nResoluci\u00f3n HD de alta calidad, garantizando una visualizaci\u00f3n clara y detallada.<br \/>\nBalance inteligente de blancos para una reproducci\u00f3n fiel de los colores reales durante la cirug\u00eda.<br \/>\nCompensaci\u00f3n autom\u00e1tica de luz, que estabiliza la imagen en condiciones quir\u00fargicas variables.<br \/>\nCon salidas BNC y HDMI.<br \/>\nDise\u00f1o confiable y robusto, especialmente concebido para un uso intensivo en quir\u00f3fano y consultorio.<br \/>\nLa IMC C800-05 representa la combinaci\u00f3n perfecta entre precisi\u00f3n, confiabilidad y tecnolog\u00eda accesible, ofreciendo al profesional m\u00e9dico una herramienta que eleva los est\u00e1ndares de seguridad y eficiencia en el quir\u00f3fano.<\/p>\n","protected":false},"excerpt":{"rendered":"ENDOC\u00c1MARA HD IMC C800-05\r\nSistema de Visi\u00f3n en Alta Definici\u00f3n para Laparoscop\u00eda y Endoscop\u00eda.\r\nLa Endoc\u00e1mara HD IMC C800-05 ha sido dise\u00f1ada para ofrecer im\u00e1genes n\u00edtidas y precisas en procedimientos laparosc\u00f3picos y endosc\u00f3picos generales. Su procesador de alto rendimiento brinda una definici\u00f3n superior en HD, optimizando la visualizaci\u00f3n de matices y colores esenciales para cada especialidad quir\u00fargica. Caracter\u00edsticas principales: Resoluci\u00f3n HD de alta calidad, garantizando una visualizaci\u00f3n clara y detallada. Balance inteligente de blancos para una reproducci\u00f3n fiel de los colores reales durante la cirug\u00eda.\r\nCompensaci\u00f3n autom\u00e1tica de luz, que estabiliza la imagen en condiciones quir\u00fargicas variables.\r\nCon salidas BNC y HDMI. Dise\u00f1o confiable y robusto, especialmente concebido para un uso intensivo en quir\u00f3fano y consultorio.\r\nLa IMC C800-05 representa la combinaci\u00f3n perfecta entre precisi\u00f3n, confiabilidad y tecnolog\u00eda accesible, ofreciendo al profesional m\u00e9dico una herramienta que eleva los est\u00e1ndares de seguridad y eficiencia en el quir\u00f3fano.\r\n\r\n\r\n\r\n \r\n","protected":false},"featured_media":1463,"comment_status":"closed","ping_status":"closed","template":"","meta":[],"_links":{"self":[{"href":"https:\/\/www.laparoscopiaimc.com.ar\/index.php\/wp-json\/wp\/v2\/product\/1212"}],"collection":[{"href":"https:\/\/www.laparoscopiaimc.com.ar\/index.php\/wp-json\/wp\/v2\/product"}],"about":[{"href":"https:\/\/www.laparoscopiaimc.com.ar\/index.php\/wp-json\/wp\/v2\/types\/product"}],"replies":[{"embeddable":true,"href":"https:\/\/www.laparoscopiaimc.com.ar\/index.php\/wp-json\/wp\/v2\/comments?post=1212"}],"wp:featuredmedia":[{"embeddable":true,"href":"https:\/\/www.laparoscopiaimc.com.ar\/index.php\/wp-json\/wp\/v2\/media\/1463"}],"wp:attachment":[{"href":"https:\/\/www.laparoscopiaimc.com.ar\/index.php\/wp-json\/wp\/v2\/media?parent=1212"}],"curies":[{"name":"wp","href":"https:\/\/api.w.org\/{rel}","templated":true}]}}