
{"id":1364,"date":"2020-05-23T20:21:13","date_gmt":"2020-05-23T23:21:13","guid":{"rendered":"http:\/\/www.laparoscopiaimc.com.ar\/?post_type=product&#038;p=1364"},"modified":"2025-10-16T18:51:12","modified_gmt":"2025-10-16T21:51:12","slug":"lumina-l-90-fuente-de-luz-led-de-100-watts","status":"publish","type":"product","link":"https:\/\/www.laparoscopiaimc.com.ar\/index.php\/producto\/lumina-l-90-fuente-de-luz-led-de-100-watts\/","title":{"rendered":"LUMINA L-90  Fuente de Luz Led 120w."},"content":{"rendered":"<p>VIDEO LINK<br \/>\n<iframe loading=\"lazy\" title=\"Fuente de Luz Lumina L-90 con Fibra de luz HD.\" width=\"563\" height=\"1000\" src=\"https:\/\/www.youtube.com\/embed\/5ADkaOVo4zc?feature=oembed\" frameborder=\"0\" allow=\"accelerometer; autoplay; clipboard-write; encrypted-media; gyroscope; picture-in-picture; web-share\" referrerpolicy=\"strict-origin-when-cross-origin\" allowfullscreen><\/iframe> <\/p>\n<p>La fuente de luz LED L\u00famina L-90, desarrollada por IMC, est\u00e1 indicada para  procedimientos de alta exigencia en laparoscop\u00eda, endoscop\u00eda y cirug\u00eda general. <\/p>\n<p>Compacta y eficiente, proporciona una iluminaci\u00f3n potente, estable y precisa, adapt\u00e1ndose a cada etapa del proceso quir\u00fargico. El m\u00f3dulo L\u00famina\u00ae incorpora tecnolog\u00eda LED de alta potencia (120 watts), equivalentes a 300 watts xen\u00f3n (Olympus), con una temperatura color de 6000K,(luz d\u00eda) lo que garantiza una luz blanca, homog\u00e9nea y cl\u00ednicamente \u00f3ptima. <\/p>\n<p>Con regulaci\u00f3n gradual de intensidad de luz y entrada universal para fibras con norma : Storz,Wolf,Stryker y Olympus.<\/p>\n<p>Especificaciones t\u00e9cnicas:<\/p>\n<p>Potencia: 100 W LED (equivalente a 300 Watts xen\u00f3n)<\/p>\n<p>Temperatura color: 6000 Grados Kelvin (luz d\u00eda)<\/p>\n<p>Regulaci\u00f3n de intensidad: Gradual con dimer<\/p>\n<p>Conexi\u00f3n de fibra: Puerto universal <\/p>\n<p>Dimensiones: 30 cm x 20 cm x 10 cm<\/p>\n<p>Alimentaci\u00f3n: 220 Volts.<\/p>\n","protected":false},"excerpt":{"rendered":"La Fuente de Luz LED IMC \u2013 Modelo L\u00famina L-90 (120W) desarrollada por IMC, est\u00e1 indicada para  procedimientos de alta exigencia en laparoscop\u00eda, endoscop\u00eda y cirug\u00eda general. Compacta y eficiente, proporciona una iluminaci\u00f3n potente, estable y precisa, adapt\u00e1ndose a cada etapa del proceso quir\u00fargico\r\n\r\n","protected":false},"featured_media":1459,"comment_status":"open","ping_status":"closed","template":"","meta":[],"_links":{"self":[{"href":"https:\/\/www.laparoscopiaimc.com.ar\/index.php\/wp-json\/wp\/v2\/product\/1364"}],"collection":[{"href":"https:\/\/www.laparoscopiaimc.com.ar\/index.php\/wp-json\/wp\/v2\/product"}],"about":[{"href":"https:\/\/www.laparoscopiaimc.com.ar\/index.php\/wp-json\/wp\/v2\/types\/product"}],"replies":[{"embeddable":true,"href":"https:\/\/www.laparoscopiaimc.com.ar\/index.php\/wp-json\/wp\/v2\/comments?post=1364"}],"wp:featuredmedia":[{"embeddable":true,"href":"https:\/\/www.laparoscopiaimc.com.ar\/index.php\/wp-json\/wp\/v2\/media\/1459"}],"wp:attachment":[{"href":"https:\/\/www.laparoscopiaimc.com.ar\/index.php\/wp-json\/wp\/v2\/media?parent=1364"}],"curies":[{"name":"wp","href":"https:\/\/api.w.org\/{rel}","templated":true}]}}